b**2 - 2*b + 1. Let c = 8 - 6. Suppose 40 = n - 9. What is the remainder when n is divided by w(c)?
15
Suppose -5*z + 69 = 14. What is the remainder when z is divided by 3?
2
Suppose s - 5*s - 296 = 0. Let p = s + 123. Suppose -19 = -4*l + p. Calculate the remainder when 33 is divided by l.
16
Suppose 0*o + 40 = 4*o + 2*i, 3*o + 5*i - 16 = 0. Suppose -21 = 11*l - 54. Calculate the remainder when o is divided by l.
0
Suppose -5*a = -5*y - 30, y = 4*a + a - 22. What is the remainder when 14 is divided by a?
2
Let f(z) = -z**3 - z**2 + 2*z + 2. Let s(u) be the second derivative of -u**3/3 - 13*u**2/2 - 3*u. What is the remainder when s(-10) is divided by f(-2)?
1
Let i = -4 - 5. Let m = -61 - -61. What is the remainder when (65 - i)/(2 - m) is divided by 13?
11
Let p = -5 - -8. Let w(a) = 2*a**3 - 4*a**2 + 2*a + 1. Calculate the remainder when w(2) is divided by p.
2
Suppose -5*z - 35 = -3*h + h, 2*h - 4*z = 34. Calculate the remainder when ((-7)/(-2) + -1)/((-8)/(-176)) is divided by h.
10
Let w be 0/1 + (-6)/(-2). Suppose 0 = -z + 1, -4*k + 14 - 1 = -w*z. Suppose 0 = -q + k + 4. Calculate the remainder when 30 is divided by q.
6
Let x be (-8)/(-2)*(-6)/(-4). Suppose -x*b = -2*b. Suppose 3*v - 44 - 94 = b. What is the remainder when v is divided by 16?
14
Let r(w) = -w + 15. What is the remainder when 32 is divided by r(4)?
10
Suppose 0 = 25*p - 497 - 203. Calculate the remainder when p is divided by 11.
6
Suppose -2*n + 4*o + 10 = 4, 0 = 5*o - 25. Let a = 48 - 10. What is the remainder when a is divided by n?
12
Suppose 3*q + 137 = 179. Calculate the remainder when 54 is divided by q.
12
Let j(n) = -21*n - 2. Let f be j(-2). Suppose 0 = 5*r + 5*i - 10 - f, 0 = 2*r + 4*i - 16. Calculate the remainder when 23 is divided by r.
11
Let o = 5 + 7. Let i = 241 - 96. Suppose -2*x - i + 11 = -4*q, -q + x = -32. Calculate the remainder when q is divided by o.
11
Let w(i) = 3*i**2 - 6*i + 3. Calculate the remainder when (-3)/(-3 + (-540)/(-184)) is divided by w(3).
10
Suppose 2*x - a - 47 = 0, -2 = -a + 3*a. Calculate the remainder when 89 is divided by x.
20
Let d = 6 - 2. Let i(b) = b**2 - 3*b - 1. What is the remainder when 3 is divided by i(d)?
0
Suppose 145 = -5*x + 10*x. Suppose 3*q + 8 = 3*l + l, -2*l + 4 = -3*q. Suppose s - 3 = -4, l*t + 4*s - 16 = 0. What is the remainder when x is divided by t?
9
Let k be -3 + (-3)/(-3) - -16. Let y = k - 2. Calculate the remainder when 23 is divided by y.
11
Let m = -26 + 30. Calculate the remainder when 8 is divided by m.
0
Let p be 1/4 + 39/4. Let n = p + -5. What is the remainder when n is divided by ((-4)/(-5))/((-2)/(-5))?
1
Suppose 0 = -k + 14 - 2. Calculate the remainder when 21 is divided by k.
9
Suppose 2*v + 12 = -4*z + 6*z, -2*z = 4*v - 30. Calculate the remainder when 6 is divided by 40/18 - 2/z.
0
Let a(s) = -s + 4. Let g be a(2). Suppose 4*j - 26 = g. Let w = j + 4. Calculate the remainder when w is divided by 6.
5
Let b(h) = -10*h - 12. What is the remainder when b(-5) is divided by 13?
12
Let k(u) = -u**2 + 8*u - 6. Calculate the remainder when 27 is divided by k(4).
7
Let y(z) = 2*z - z**3 - 3*z - 5*z**2 - 4 + 13*z**2. Suppose 3*i - 68 = -5. What is the remainder when y(6) is divided by i?
20
Suppose 3*h - 199 = -5*o, 6*o = o + h + 207. Calculate the remainder when 243 is divided by o.
38
Suppose 32 = -3*y + 4*i, 5*y + 16 = 2*i - 28. Let c = y - -14. Suppose -119 = -4*b - 3*b. Calculate the remainder when b is divided by c.
5
Let z = 45 + -43. Suppose 12 = s + 2*s. Suppose j - s = -0*j. What is the remainder when j is divided by z?
0
Suppose -5*q = -118 - 52. What is the remainder when q is divided by 9?
7
What is the remainder when 31 is divided by (0 - 2)/(3/(51/(-2)))?
14
Let w(h) = -h**2 - 19*h - 40. Calculate the remainder when w(-16) is divided by 2.
0
Suppose -j = -2*j + 49. Suppose -12 - 22 = -2*q. Calculate the remainder when j is divided by q.
15
Let k = -8 - -13. Suppose k*i = -2 + 72. Suppose 2*y + y = 123. Calculate the remainder when y is divided by i.
13
Let f(u) = u**2 + 3*u + 14. Calculate the remainder when f(-5) is divided by 5.
4
Suppose t = -3*d - 3*t - 50, 3*d = t - 25. Let q = -2 - d. What is the remainder when 22 is divided by q?
6
Let u(z) = z**2 + 8*z + 2. Let x be 8/(-28) - 54/7. Let f be u(x). What is the remainder when f/5 - (-256)/10 is divided by 9?
8
Let m = -1 + 2. Let u(b) = -b**3 + 27*b**2 + 60*b - 45. Calculate the remainder when (52 - 0/m) + -1 is divided by u(29).
12
Let g(w) = w - 3. Let a be (-1)/2 - 30/4. Let o = a - -13. What is the remainder when g(o) is divided by 2?
0
Let l = 30 + -22. Let f = 7 + l. Calculate the remainder when 43 is divided by f.
13
Suppose q = -q + 10. Suppose i = -o - 4*o - 26, 0 = -q*i + o. What is the remainder when 35 is divided by (18 - (2 + -3)) + i?
17
Let c = 14 + -8. Let p = -7 + c. What is the remainder when 15 is divided by (-1 + -2)*p + 1?
3
Suppose -4*n = 2*s + 3*s, -n = s - 1. Calculate the remainder when 14 is divided by n.
4
Let d be 402/4 + 2/(-4). Suppose 5*v + 36 = 2*b + d, -2*b = 4. Calculate the remainder when (-33)/(-2)*(-8)/(-6) is divided by v.
10
Let q be (3/(-6)*0)/1. Suppose -5*f + 28 = -y + 2*y, q = 3*y - 3*f + 6. Calculate the remainder when 8 is divided by y.
2
Let n be (-7)/(-6) + 2/(-12). Suppose 0 = -v + 4 - n. Calculate the remainder when 5 is divided by v.
2
Let r(v) = -2*v**2 + 16*v - 3. What is the remainder when 31 is divided by r(7)?
9
Suppose 6*r - 228 - 48 = 0. Calculate the remainder when r is divided by 8.
6
Suppose -3*z - 5*x - 6 = -26, 5*z + 3*x - 12 = 0. Suppose -2*w + w + 1 = z, 4*b = 2*w + 14. What is the remainder when 5 is divided by b?
1
Let k = 21 - 4. What is the remainder when (-496)/(-10) - 14/(-35) is divided by k?
16
Let j(m) = -m + 6. Suppose 0 = 3*d + 4*z + 84, -69 = 3*d - 4*z + 39. What is the remainder when (1 + -3)/(-1) - d is divided by j(-6)?
10
Suppose -2*t - 21 = -5*t - 3*j, 0 = t + 4*j - 19. What is the remainder when 8 is divided by t?
2
Let i = 2 + 6. Let y(b) = b + 8. Let g be y(-5). Suppose g*d = -0*d + 42. What is the remainder when d is divided by i?
6
Let o = 27 - 21. Calculate the remainder when 21 is divided by o.
3
Let j be ((-981)/(-6))/3*4. Suppose 5*a + 4*q + 87 = j, 2*q = -5*a + 123. Calculate the remainder when a is divided by 12.
11
Let u be 1/2*(-2 + 0). Suppose -2*d + d + 30 = 5*j, 0 = 5*j - 5*d. Let w = u + j. What is the remainder when 10 is divided by w?
2
Let k(q) = -q**3 - 3*q**2 - 5*q - 2. Let d be k(-3). Let z = d + 4. Let u = -5 + 11. What is the remainder when z is divided by u?
5
Suppose -4 = 4*w - p - 0*p, w + 3*p = -14. Let q = 0 + w. What is the remainder when (-1)/(-2) - 53/q is divided by 14?
13
Let j(d) = 4*d**3 - 8*d**2 + 4*d - 3. Calculate the remainder when j(3) is divided by 23.
22
Calculate the remainder when 128 is divided by (7/(-21))/(256/258 - 1).
42
Let k = -16 + 26. Calculate the remainder when 17 is divided by k.
7
Let v(k) = -k**3 - 3*k**2 - 5*k - 2. Calculate the remainder when (-210)/(-9) + (-2)/(-3) is divided by v(-3).
11
Suppose 15 - 46 = -u. Let o(b) = b**2 + b + 8. Let t be o(0). Suppose 4*m = 3*x + 32, m - 5*x - t = -0*x. Calculate the remainder when u is divided by m.
7
Suppose 12 = -4*s, -q = 3*q + s - 29. Calculate the remainder when 69 is divided by q.
5
Suppose 0*w + 21 = 3*w. Let o(g) = -2*g + 1. Let q be o(-2). Suppose -u - 80 = -q*u + d, -5*d = 0. Calculate the remainder when u is divided by w.
6
Suppose -5*m = -3*m - 4. Suppose -15 = 5*o, -m*g = -o - 34 - 17. Suppose -25 - 27 = -4*j. Calculate the remainder when g is divided by j.
11
Let m = -5 + 10. Let p = 10 - m. Suppose 45 = 4*z + z. What is the remainder when z is divided by p?
4
Suppose f - 605 = -5*b - 4*f, -b + 4*f = -141. Calculate the remainder when b is divided by 32.
29
Suppose 0 = -0*i + 5*i + 560. Let l = -77 - i. What is the remainder when l is divided by 19?
16
Suppose 15*g - 11*g = 92. What is the remainder when 45 is divided by g?
22
Let x(l) = -l**2 - 8*l - 5. Let h be x(-7). Suppose 5*z - 194 = -39. What is the remainder when z is divided by (4*-2)/((-1)/h)?
15
Suppose 4*z = b + 32, b - 20 = 6*b. Calculate the remainder when 25 is divided by z.
4
Let t(n) = 3*n**2 - n - 1. Let v be t(-2). Suppose -46 - v = -5*f - k, f = 2*k + 1